a = d + g. List the prime factors of a.
2, 7
Let f be (2 - (-1 - 0)) + 1. Suppose f*m + 1 = 29. What are the prime factors of m?
7
Let n(d) be the first derivative of d**2/2 + 8*d - 1. Let r(q) = q. Let l be r(-5). List the prime factors of n(l).
3
Let r be ((-8)/(-12))/(4/54). Suppose 0 = 3*l - 30 + r. List the prime factors of l.
7
List the prime factors of (-9295)/(-77) + 4/14.
11
Let m = 55 + 54. Let z = m - 75. What are the prime factors of z?
2, 17
Let z be 2/((4*-1)/(-8)). Suppose i - z*i = m - 101, -i - 3*m = -39. What are the prime factors of i?
3, 11
Let f = 22 + 184. What are the prime factors of f?
2, 103
Let r(t) = t**3 - t**2 + 4. Suppose -5*n + 3*n = 0. Let m be r(n). Suppose -2*o - m = -12. What are the prime factors of o?
2
Let v(d) = -6*d + 35. List the prime factors of v(0).
5, 7
Let t = -3 + 2. Let h(r) be the first derivative of -3*r**4/2 + r**3/3 - r**2/2 - r - 1. List the prime factors of h(t).
7
Let c be (2/1)/(4/(-22)). Let n = c - -5. List the prime factors of ((-3)/2)/(n/32).
2
Suppose -3*l - 9 = 0, -9 = -2*m - 3*l - 0*l. Suppose 48 = -m*f + 13*f. What are the prime factors of f?
2, 3
Suppose -3*c + 15 = -4*f, -2*c + 0*c = 2*f - 10. Let k(y) = 3 + 10 - c*y + 4*y. What are the prime factors of k(9)?
2
Suppose h - 3*h - 5*y = -24, 3*y = -3*h + 18. What are the prime factors of h?
2
Let a be (2/(-4))/(1/28). Suppose s = 4*r - 4, -3*r - 1 = 5. List the prime factors of (s/14)/(2/a).
2, 3
Suppose 2*j - 89 = -19. What are the prime factors of j?
5, 7
Let w(u) = -13*u - 4. List the prime factors of w(-2).
2, 11
Let q(u) = -18*u - 20. Let j(a) = -7*a - 8. Let m(r) = 12*j(r) - 5*q(r). Let i be m(-3). Let b = -3 - i. What are the prime factors of b?
11
Let o = -97 - -365. What are the prime factors of o?
2, 67
Suppose -2*b + 182 = 2*l, -16 = -2*l - 2*l. What are the prime factors of b?
3, 29
Let x(k) = k**3 - 5*k**2 - k - 7. Suppose 5*y - 2*g = -40, -5*y + g = 4 + 36. Let n = y - -14. What are the prime factors of x(n)?
23
Let q = -5 + 11. List the prime factors of (-12)/(-8) + 3/q.
2
Let m(o) = -3 - 2*o - 3 - 2*o + 1. List the prime factors of m(-5).
3, 5
Suppose 102 - 698 = -2*l. What are the prime factors of l?
2, 149
Let m = 1 + 1. Let c be (-14)/(-6) + m/(-6). Let y(h) = 2*h**2 - 3*h + 2. List the prime factors of y(c).
2
Let k(b) = 2*b**2 - 9*b + 19. What are the prime factors of k(8)?
3, 5
Let c = 30 + -23. List the prime factors of c.
7
Suppose 10 + 2 = 4*b. Suppose -5 = -5*i, -2*i + 0*i - 31 = -b*m. What are the prime factors of m?
11
Suppose p + 28 = 5*p. Suppose 29 = p*u - 265. What are the prime factors of u?
2, 3, 7
Let t = -42 - -117. List the prime factors of t.
3, 5
Let v = -11 - -21. Let j = v - 0. List the prime factors of j.
2, 5
Let j(i) = i - 2. Let d be j(4). Let g be (d + 4/(-6))*3. Suppose 5*q - 65 = 5*x, g*x - 31 = -5*q + 70. What are the prime factors of q?
17
Suppose -2*y = 3*y - 20. Suppose -y*m + 39 = -13. What are the prime factors of m?
13
Let g = 37 - 25. Suppose g = u + u. List the prime factors of u.
2, 3
Suppose -772 - 196 = -11*c. List the prime factors of c.
2, 11
Let x be (-6)/(-1) - (0 - -2). Let t = -33 + 61. Suppose -z = z - 2*j - 18, x*j + t = 3*z. List the prime factors of z.
2
Suppose -33 = -3*o - r, 0 = -2*o + 3*r - 2 + 24. List the prime factors of o.
11
What are the prime factors of ((-67)/2 + -4)*-2?
3, 5
Let m(f) = f**3 + 6*f**2 - 6*f - 9. What are the prime factors of m(-6)?
3
Let c(v) = v**2 - 8*v - 9. Let n(y) = y - 2. Let r be n(5). Suppose 5*o + 30 = r*a, 0*o - 20 = -2*a + o. What are the prime factors of c(a)?
11
Let a = 18 - 5. What are the prime factors of a?
13
Let l(g) = 2*g**3 - 5*g**2 + 5*g + 1. What are the prime factors of l(4)?
3, 23
Let h(d) = d**3 - 5*d**2 - 11*d + 9. What are the prime factors of h(7)?
2, 3, 5
Let k(v) = 5*v + 3. Let y be k(-8). Let n = -12 - y. Suppose 5*g + n = 70. What are the prime factors of g?
3
Let n = 216 - 100. What are the prime factors of n?
2, 29
Suppose a = -0*a + 6. Suppose -5*s + s + 5*f = -3, -5*s + a = -4*f. What are the prime factors of (1 + 0)/(s/20)?
2, 5
Let i(x) = 4*x**2 + x + 6. What are the prime factors of i(-3)?
3, 13
List the prime factors of 6/4 + 0 - 492/(-8).
3, 7
Suppose 2*w + 4*c = 2*c + 68, 0 = -3*w + 5*c + 70. What are the prime factors of w?
2, 3, 5
Let u(a) be the third derivative of -a**2 - 1/24*a**4 + 0 + 0*a + 7/3*a**3. List the prime factors of u(6).
2
Let w(d) = d**3 - 31*d**2 - 26*d - 42. What are the prime factors of w(32)?
2, 3, 5
Let h = 411 + -42. List the prime factors of h.
3, 41
Suppose -2*j + 4 - 10 = 0. List the prime factors of 4*((4 - -1) + j).
2
Let w(i) = i + 8. Let f be w(-6). Let k(h) = f*h + 2 + 0 + 2*h. List the prime factors of k(2).
2, 5
Let j(q) = 83*q**3 - 2*q**2 + q + 1. What are the prime factors of j(1)?
83
Let q be ((-9)/1)/(-3) - 0. List the prime factors of q*7/12*4.
7
What are the prime factors of (-3 + 60/8 + 2)*18?
3, 13
Let g be -1 - -3 - 1/(-1). Suppose -2 = g*d + 1. What are the prime factors of 2 + ((-1)/d)/1?
3
Let k be 16/((-4)/(-2)) - -1. Suppose d + 0*d - k = 0. List the prime factors of d.
3
Let l = 109 + -40. List the prime factors of l.
3, 23
Suppose w = 70 + 25. What are the prime factors of w?
5, 19
Let b be -1*0/((-6)/(-2)). Suppose -5*o - 4*w = -119, b = 2*o + 3*o + w - 131. List the prime factors of o.
3
Suppose 2*h = -5*c - 68, 2*c + 2*c + 3*h = -53. Let s be (-3)/6*c*-1. Let n(i) = -i**3 - 6*i**2 + 4*i - 8. What are the prime factors of n(s)?
13
Let k(p) = p**3 + 10*p**2 + 7*p - 10. Let f be k(-9). Let b = 11 - f. Suppose 2*t + b*i - 9 = 0, -4*i = 3*t - 2*t + 3. List the prime factors of t.
3
Let c(m) = m**2 - 8*m + 16. List the prime factors of c(8).
2
What are the prime factors of 1379/21 + 3/9?
2, 3, 11
Suppose 3*v - 865 = -5*z, -v - 165 = -3*z + 2*z. List the prime factors of z.
2, 5, 17
Suppose 3*q - 24 = 3. Suppose 4*y + 1 = -19. Let b = y + q. What are the prime factors of b?
2
Suppose 3*b + 55 = 190. List the prime factors of b.
3, 5
Let o = -6 + 10. Suppose -3*b + o*i = -59, 4*i = 3*b - 2*b - 33. List the prime factors of b.
13
Suppose -y + 2 + 3 = 0. Suppose h - 6*h - j = -8, 2*h + y*j = -6. List the prime factors of 1 + 13 + (1 - h).
13
Let k = -2 - -3. List the prime factors of (8 - 0) + (3 - k).
2, 5
Let b(r) be the second derivative of 0 + r + 4*r**2 - 1/6*r**3. What are the prime factors of b(0)?
2
Let k be (1 + -3)/((-16)/24). Suppose 2*g = 13 - k. List the prime factors of g.
5
Let b(h) = h**3 - 5*h**2 - 7*h + 9. Let t be b(6). Let d = 3 - t. List the prime factors of -2 - (d - 0) - -9.
7
Suppose -5*b - 2*u - 3*u + 10 = 0, 0 = -2*b + 2*u + 16. Let d = 10 - b. What are the prime factors of d?
5
Let t(r) = -r - 9. Let v = 9 - 14. Let f be t(v). Let s = f - -15. What are the prime factors of s?
11
Let p = -3 - -5. Suppose 0 = p*a - 5*a + 6. Suppose 3*h - 8 = -a*s + 10, 2*s - 10 = -h. List the prime factors of s.
3
Suppose -5*j - q - 127 = 0, 25 = -j - 2*q - 4. Let t be (-14)/5 - (-5)/j. What are the prime factors of -2*(t + 9/(-6))?
3
Suppose -5*q - 6*s + s + 15 = 0, -3*s = 5*q - 15. Suppose 1 + 20 = q*z. What are the prime factors of z?
7
List the prime factors of (123*1)/(17 - 14)*3.
3, 41
Let g(y) = y**3 - 6*y**2 + 7*y - 1. Suppose -5*s = -3*h + 44, 5*s = 3*h - 2*h - 28. Let a be 1/2*(h - -2). List the prime factors of g(a).
3
Suppose 5*n = 3*b + 2*b + 290, -b = 4*n - 242. What are the prime factors of n?
2, 3, 5
Let o = 111 + -24. List the prime factors of o.
3, 29
Suppose 36 = 5*f - 49. Let b = -11 + f. What are the prime factors of b?
2, 3
Let s = 6 - 3. Suppose -3*n = -n - 96. Suppose -3*f = -n + s. List the prime factors of f.
3, 5
Let q(r) = -4*r**3 + 3*r - 2*r + 7*r**2 - 3*r**2 + 3*r**3. Suppose 12 = -2*u + 6*u. What are the prime factors of q(u)?
2, 3
Suppose -j - 421 = -4*u - 0*j, -4*j = 5*u - 542. Suppose -u - 24 = -5*w. What are the prime factors of w?
2, 13
Let l = 3 + 3. Suppose -4*y + l*y = -8. Let v = y + 13. What are the prime factors of v?
3
Suppose 3*h + 3*j = 0, -2*h = -2*j - 14 - 2. Suppose 38 = 5*y + 2*g, -h*y - g = -0*g - 28. What are the prime factors of y?
2, 3
Let i(a) = 2*a - 4. Let p be i(5). Let t = p + -4. What are the prime factors of (4 + (t - 1))*1?
5
Let x be 0*((-6)/2)/(-3). Suppose 4*d - 84 = -x*d. W